. Let r(c) = -c**2 + 13*c - 10. Let w be r(5). What is the highest common factor of w and d?
30
Let t(h) = 2*h**2 + h. Let q be t(-2). Suppose -1278*g + 1276*g = -16. Calculate the highest common divisor of g and q.
2
Let h(l) = -l**2 - 11*l - 21. Let g be h(-8). Suppose 3*f = d + 30, -g*f - 7*d = -2*d - 30. What is the highest common divisor of 20 and f?
10
Suppose -2*z - 3*y + 26 = 2*y, y = 2*z - 14. Suppose 0 = b - 3*b - z, -3*b + 98 = 5*u. Let k = u + -12. Calculate the greatest common factor of k and 5.
5
Let z(v) = -v - 1. Let g be z(-3). Let j(o) = 21*o - 25. Let f be j(11). Suppose -g*k - 6 = -f. Calculate the highest common factor of k and 20.
20
Let i be -9*(176/(-12) - -8). Calculate the greatest common divisor of i and 60.
60
Let c(u) = 2*u + 20. Suppose 91 - 31 = -3*b. Let z be (-3 - 24/b)*5. Let p be c(z). What is the greatest common factor of p and 8?
2
Suppose 58*a - 2530 = 53*a. Calculate the greatest common divisor of 46 and a.
46
Let h(t) = -t**2 + 34*t - 85. Let w be h(14). What is the greatest common divisor of 26 and w?
13
Suppose -648*x + 658*x = 2070. Calculate the highest common divisor of x and 18.
9
Suppose r + 12 + 8 = 4*z, 2*r - z = -26. Let q = r - -15. What is the highest common divisor of q and 9?
3
Let z = -775 + 1149. What is the highest common factor of 22 and z?
22
Let p = 7 + 5. Let h(j) = -6*j - 43. Let x be h(-8). Let n be 4 + (x - (-1 - -2)). What is the highest common factor of n and p?
4
Let m = 358 - 242. Calculate the highest common factor of m and 29.
29
Let y be (-15 + 17)*101/2. Suppose 25 = 3*f - y. Calculate the highest common divisor of f and 14.
14
Suppose 15*s - 14*s = 3. Suppose 7*j = 32 + s. What is the highest common divisor of 40 and j?
5
Let d = 156 - 79. Suppose -a - 3*j = 2*a - 6, 5*j = 5*a - 60. Calculate the greatest common divisor of a and d.
7
Suppose 8*r - 37 - 59 = 0. Let n = 42 + -12. Calculate the greatest common divisor of r and n.
6
Suppose -3*a + 432 = -0*a. Let n be 1848/a - (-2)/12. What is the greatest common factor of n and 91?
13
Let x be 7 + (0 - 7) + (-2500)/(-2). Calculate the highest common factor of 100 and x.
50
Let v = -17 - -25. Suppose v*w - 5*w = 39. Let i = -2 + w. What is the highest common divisor of i and 99?
11
Let s be (-1)/(-45)*25*9. What is the highest common factor of s and 195?
5
Let o be 7 + (-1 - 0) + 0. Calculate the highest common divisor of 2 and o.
2
Suppose -3*u - 12 = -4*r + 4, -4*u - 2*r + 8 = 0. Suppose u = 5*b + 48 - 138. Let f be 405/72 + -3*(-4)/32. What is the greatest common factor of f and b?
6
Let z(c) = -7*c + 2. Let x be z(0). Suppose 3*o + u = 18 + 34, 4*u + 44 = x*o. What is the highest common factor of 18 and o?
18
Let o = 68 + -13. Suppose -3*k + 48 = 2*n - 5*n, -5*k + 4*n + 75 = 0. What is the greatest common factor of o and k?
11
Let b be (-2)/18 + 1820/18. Let f = 111 - b. Let c(p) = 10*p. Let v be c(1). Calculate the highest common divisor of f and v.
10
Let r(t) = -t**2 - 25*t - 97. Let l be r(-6). What is the greatest common divisor of 34 and l?
17
Suppose 2*n + 256 = -5*p, 106 = n - 2*n + 3*p. Let k = 244 + n. Calculate the highest common factor of 84 and k.
42
Let s(j) = j**2 + 7*j + 36. Let w be s(-12). What is the greatest common factor of 72 and w?
24
Let j(w) = -w + 16. Let d be j(-5). Let g = d + 17. What is the greatest common factor of g and 76?
38
Let g = -3 + 8. Suppose 0 = -4*l + p - 6*p + 196, g*p = 5*l - 290. What is the greatest common divisor of 18 and l?
18
Let i = 769 - 734. Calculate the greatest common divisor of 77 and i.
7
Let k = 11 + -11. Suppose 0 = -k*w - w - z, 2*w + 4*z + 4 = 0. Suppose -14 = -3*i + 4*r, 18 = w*i - i + 2*r. What is the greatest common factor of 4 and i?
2
Let c be 317 + (-8)/((-64)/(-40)). What is the greatest common divisor of c and 8?
8
Let n(o) = 8*o + 7*o - 10*o - 27. Let h be n(7). Let g(a) = a**2 - 4*a. Let d be g(-4). Calculate the greatest common divisor of h and d.
8
Let i = 203 - 123. Suppose -g + 49 = h, 2*g = -h + i + 15. Suppose 0 = 3*a + g - 262. What is the highest common divisor of a and 108?
36
Let t = -84 - -109. Suppose -117 = -t*v - 17. Calculate the highest common divisor of 44 and v.
4
Let v(i) = -i**3 + 6*i**2 + 7*i + 2. Let u be v(7). Let f = u - -7. Suppose -3*z - z = -3*k - 9, -k + 2*z = 5. What is the highest common divisor of k and f?
1
Let b(r) = -r**3 + 3*r**2 + 5. Let c be b(3). Let l be (-3)/c - (-6894)/90. What is the greatest common factor of 19 and l?
19
Suppose 4*m = -0*z - z - 13, 7 = -2*m - z. Let p be 0 + m - -7 - 2. Let u be 80/((8/p)/4). Calculate the greatest common factor of 10 and u.
10
Let j be (-5)/(-2) + (-13)/(-26). Suppose j*h = -y + 458, 3*h + 0*h - 3*y - 474 = 0. Calculate the highest common factor of h and 14.
14
Let w(u) = -u**3 - 32*u**2 - 59*u + 33. Let q be w(-30). Calculate the highest common divisor of 348 and q.
3
Let m = -167 + 255. Calculate the highest common factor of m and 8.
8
Let g(w) = w**2 + 2*w - 41. Let z be g(20). Calculate the greatest common factor of 21 and z.
21
Suppose -10*d = -8*d - 5*i + 9, i = d. Suppose 3*b = x + 66, 6*x = -2*b + d*x + 33. Calculate the highest common factor of b and 189.
21
Let w = 453 - 225. What is the highest common divisor of w and 399?
57
Let q(f) = f**2 + 2*f + 7. Let i be q(-4). Suppose -5*w - 10 = 5*c + i, -35 = 5*c + 3*w. Let t = c + 12. What is the highest common factor of t and 4?
2
Let m = 362 - 330. What is the highest common divisor of m and 2?
2
Let t be 5*3*4/30. Suppose -54 = -5*h + t*h. What is the greatest common factor of 9 and h?
9
Let z(m) = m**3 - 29*m**2 + 29*m + 77. Let n be z(28). Suppose -u + 35 = -7. Calculate the greatest common factor of u and n.
21
Let h be (-2)/(-3)*(8 + 14 + -7). Let z(m) = -22*m - 8. Let i be z(-4). Calculate the highest common divisor of i and h.
10
Suppose 4*u = k + 2*k + 62, 0 = 2*u - 3*k - 28. Let p be 2/u + 0 - (-606)/51. What is the highest common factor of 12 and p?
12
Suppose 59*x - 56*x - 180 = 0. What is the highest common divisor of 576 and x?
12
Let g = -42 + 23. Let y = g - -23. Let m = 86 + -42. Calculate the greatest common factor of y and m.
4
Let d = 1050 - 725. Calculate the highest common factor of 25 and d.
25
Suppose -5*u = -8*u. Suppose u = -4*g + 20 + 24. What is the highest common factor of g and 11?
11
Suppose 5*u = -c + 73, 2*u - u - 5*c = -1. Let j = 227 - 129. Calculate the highest common divisor of j and u.
14
Suppose -7*r + 3416 = r. What is the highest common divisor of 7 and r?
7
Let n(x) = -x**2 - 2*x + 12. Let b be n(0). Let d = 238 + -16. Suppose -3*j - 267 = -2*w, 4*w + 2*j - 304 = d. What is the highest common factor of b and w?
12
Suppose 676 = 5*s + 581. What is the highest common divisor of 437 and s?
19
Let h(m) = 8*m + 2 + 10*m**3 + 5*m - 11*m**2 - 9*m**3. Let t be h(10). Let u(r) = 3*r - 7. Let b be u(5). Calculate the greatest common divisor of t and b.
8
Let m = 1026 + -516. What is the highest common divisor of m and 30?
30
Let n = -15 - -18. Suppose 2*x + n*y = 51, 61 = -2*x + 4*x + 5*y. Calculate the greatest common divisor of 180 and x.
18
Let l(h) = -5*h - 12. Let o be l(-6). Let a(u) = 451*u + 7. Let t be a(7). Let q be (-8)/(-44) - t/(-22). What is the greatest common divisor of o and q?
18
Let o be 6*2 - 44/11. Let b(m) = 9 + 10 + 7 + m - o. Let w be b(-10). What is the highest common factor of w and 40?
8
Let o be ((-2)/1)/(9/(-234)*4). Calculate the greatest common factor of o and 351.
13
Suppose 27*t + 21*t = 1344. What is the highest common factor of t and 476?
28
Let j = -73 + 83. Suppose -3*i + 8 + j = 0. What is the highest common divisor of 2 and i?
2
Suppose -6*h = -3*h - 15. Let m be (15/4)/h + 890/8. Calculate the greatest common factor of 14 and m.
14
Suppose -v = -6*v - 350. Let d = -49 - v. Suppose 7 = 3*z - 2*z. What is the highest common factor of d and z?
7
Let w be (-14 - -18)*5/1. What is the greatest common factor of w and 2260?
20
Let l = 2524 + -1334. Calculate the greatest common factor of l and 70.
70
Suppose -u + 13 = -4*a - 0*a, 2*u - 3*a = 11. Let m be (u/(-2))/(1/(-28)). What is the highest common factor of m and 140?
14
Let s(n) = -n**2 - n + 9. Let w be s(-4). Let z be 2 + 5/3*(9 - w). Calculate the greatest common factor of z and 33.
11
Let p 